ivisor of 7102 and 15544?
134
Calculate the highest common factor of 712533 and 1635.
327
Calculate the highest common divisor of 84 and 138285.
21
What is the greatest common factor of 8177 and 32487?
221
Calculate the greatest common divisor of 74492 and 352.
44
What is the greatest common factor of 358750 and 5166?
574
Calculate the greatest common factor of 26 and 88777.
13
Calculate the greatest common divisor of 105831 and 297.
99
What is the greatest common factor of 25 and 117745?
5
Calculate the greatest common divisor of 8720 and 10.
10
What is the greatest common factor of 203509 and 38?
19
What is the greatest common factor of 1181620 and 88?
44
What is the highest common factor of 16766 and 830?
166
What is the highest common factor of 15 and 68568?
3
What is the greatest common divisor of 1020 and 1836?
204
Calculate the highest common factor of 850 and 725475.
425
What is the highest common divisor of 307349 and 83?
83
What is the highest common factor of 113712 and 184?
184
Calculate the highest common factor of 39 and 457288.
13
What is the greatest common factor of 1841 and 35?
7
Calculate the highest common factor of 14420 and 14.
14
Calculate the greatest common divisor of 44 and 192379.
11
What is the highest common divisor of 253559 and 21223?
1117
What is the greatest common factor of 67362 and 327?
327
Calculate the greatest common factor of 170925 and 18285.
795
Calculate the highest common factor of 2780 and 1311048.
556
What is the highest common divisor of 8 and 53314?
2
Calculate the highest common divisor of 636 and 4028.
212
What is the highest common divisor of 46 and 155710?
46
What is the greatest common divisor of 1084872 and 54?
6
Calculate the highest common factor of 2032 and 8001.
127
What is the highest common divisor of 6351 and 3480?
87
Calculate the highest common factor of 72 and 60692.
4
What is the highest common factor of 4137 and 17241?
21
Calculate the greatest common factor of 1107 and 36.
9
Calculate the highest common divisor of 36380 and 10880.
340
What is the highest common divisor of 728 and 16576?
56
Calculate the highest common divisor of 1835395 and 331.
331
Calculate the greatest common factor of 15 and 18385.
5
What is the greatest common divisor of 288 and 225312?
96
Calculate the highest common factor of 232 and 23983.
29
What is the greatest common factor of 570 and 15840585?
285
What is the highest common divisor of 634404 and 348?
348
What is the highest common factor of 28271 and 272?
17
Calculate the greatest common divisor of 39 and 59488.
13
Calculate the highest common factor of 127610 and 210.
70
Calculate the greatest common factor of 70 and 1063874.
14
Calculate the highest common divisor of 50 and 190.
10
What is the highest common factor of 133061 and 491?
491
What is the greatest common divisor of 1067306 and 114?
38
Calculate the greatest common factor of 5378785 and 5.
5
Calculate the greatest common factor of 34251 and 11184.
699
What is the greatest common factor of 371 and 10229?
53
What is the greatest common factor of 2185 and 8165?
115
What is the greatest common divisor of 159105 and 3?
3
What is the highest common factor of 52539 and 31017?
633
What is the highest common divisor of 10 and 2449970?
10
Calculate the highest common divisor of 6204 and 2706.
66
What is the highest common factor of 517 and 71252?
47
What is the greatest common factor of 2761 and 220?
11
Calculate the highest common divisor of 216 and 6866208.
216
Calculate the greatest common factor of 24 and 79386.
6
What is the greatest common factor of 234 and 10946?
26
Calculate the greatest common divisor of 1501 and 1577.
19
Calculate the highest common factor of 3021 and 8851.
53
What is the greatest common factor of 69 and 150880?
23
Calculate the highest common factor of 354 and 187620.
354
What is the highest common divisor of 6190 and 35?
5
What is the greatest common factor of 48180 and 924?
132
What is the greatest common factor of 82827 and 63?
9
What is the greatest common divisor of 1277596 and 8?
4
What is the greatest common factor of 1248 and 6816?
96
What is the greatest common factor of 12 and 128004?
12
Calculate the highest common divisor of 160 and 118480.
80
Calculate the greatest common divisor of 24 and 355836.
12
Calculate the highest common factor of 13060 and 2745212.
2612
What is the greatest common divisor of 145527 and 5191?
179
What is the greatest common factor of 634 and 1024227?
317
What is the greatest common divisor of 8155 and 1085?
35
What is the highest common divisor of 13268 and 2140?
428
What is the greatest common factor of 80925 and 480?
15
What is the highest common divisor of 137475 and 27261?
117
What is the highest common divisor of 12192 and 600?
24
Calculate the highest common factor of 37823 and 872.
109
Calculate the greatest common factor of 44 and 1744952.
44
What is the highest common divisor of 189 and 640899?
189
Calculate the greatest common factor of 228 and 1036716.
228
Calculate the highest common divisor of 403 and 1781.
13
Calculate the highest common divisor of 17110 and 145870.
290
Calculate the highest common divisor of 60 and 607722.
6
Calculate the highest common divisor of 213 and 10977.
3
Calculate the highest common factor of 8536 and 704.
88
What is the greatest common divisor of 1561 and 16932167?
1561
Calculate the greatest common divisor of 1161538 and 652.
326
What is the highest common divisor of 117 and 1829646?
117
What is the highest common divisor of 954 and 15894?
18
What is the highest common divisor of 1359939 and 1302?
651
Calculate the greatest common factor of 384 and 5748.
12
What is the highest common factor of 13256 and 328?
8
What is the greatest common factor of 786503 and 41?
41
What is the highest common factor of 209 and 128117?
209
Calculate the highest common divisor of 663 and 496791.
51
What is the highest common factor of 368 and 603244?
92
What is the highest common factor of 7568 and 95632?
688
Calculate the greatest common divisor of 1843 and 4313.
19
What is the greatest common factor of 52417 and 159?
53
Calculate the greatest common divisor of 202521 and 561.
561
Calculate the highest common factor of 43011 and 44469.
729
Calculate the highest common divisor of 2628 and 54020.
292
Calculate the greatest common factor of 3771693 and 18.
9
What is the greatest common factor of 1017504 and 576?
288
Calculate the highest common factor of 308 and 274351.
77
What is the highest common divisor of 14714 and 266?
14
Calculate the highest common factor of 550 and 740564.
22
Calculate the greatest common factor of 10 and 195055.
5
What is the greatest common factor of 12 and 1297794?
6
Calculate the highest common divisor of 294 and 53907.
21
Calculate the highest common factor of 1318321 and 3112.
389
What is the highest common divisor of 1400 and 44450?
350
Calculate the highest common divisor of 70 and 73850.
70
What is the highest common factor of 931 and 252?
7
Calculate the highest common factor of 25234 and 217.
31
What is the highest common factor of 1571 and 3?
1
Calculate the greatest common divisor of 1875740 and 20.
20
What is the greatest common factor of 1588028 and 234?
26
What is the highest common divisor of 57 and 17447016?
57
What is the greatest common divisor of 28 and 203924?
28
Calculate the highest common divisor of 25026 and 96.
6
Calculate the highest common factor of 50 and 137050.
50
Calculate the greatest common divisor of 50 and 463325.
25
What is the highest common divisor of 11066 and 1540?
22
Calculate the greatest common factor of 414 and 6348.
138
What is the greatest common factor of 190632 and 408?
24
What is the highest common factor of 42 and 1589973?
21
Calculate the greatest common factor of 502900 and 40.
20
What is the highest common factor of 15037 and 2?
1
Calculate the highest common divisor of 5236 and 1848.
308
What is the greatest common factor of 49140 and 6426?
378
Calculate the highest common divisor of 131012 and 56.
28
What is the highest common factor of 24 and 2022?
6
What is the greatest common divisor of 639 and 57297?
213
Calculate the greatest common factor of 279 and 1590300.
279
What is the highest common factor of 51165 and 675?
135
W